- 10*g + 12. Let h be m(8). What is the tens digit of u(h)?
1
Let m be (-1332)/(-48) + 3/(-4). Suppose 0 = -5*s + 98 + m. What is the tens digit of s?
2
Let q(h) = 3*h**2 + 2*h + 1. Let s(c) be the first derivative of -c**3/3 + c**2/2 + 2. Let w(u) = q(u) + 2*s(u). What is the units digit of w(-5)?
6
Let k(b) = -b**2 + 4*b + 4. Let m be k(4). Suppose -m*s + 8 = -0*s. Suppose -s*q + 30 = 3*q. What is the units digit of q?
6
Let x(t) = -t**3 + 10*t**2 - t + 12. Suppose 32 = 2*c - k - 16, -4*k - 36 = -2*c. Let h = c - 16. What is the units digit of x(h)?
2
Suppose -4*r + 3 = 19. What is the units digit of (40/25)/(r/(-10))?
4
Let m(g) = -g + 8. Let w be m(8). Suppose w = -0*d + d + u - 15, 2*d - 4*u = 24. What is the units digit of d?
4
Let v be (-6)/3 + 3*2. Let m(d) = -4*d**2 + v + 6*d + 3*d**2 + 0*d**2. What is the units digit of m(6)?
4
Let p be -2*15/12*-2. Let m = -14 + 26. Suppose -3*w - 4*t = -41, 0 = p*w + t - 28 - m. What is the units digit of w?
7
Suppose -5*m = 4*v - 273, 0 = -4*v + 3*m - 6*m + 271. What is the tens digit of v?
6
Let w = -16 - -67. What is the tens digit of w?
5
Let w = -6 - -9. Suppose -w*j = -0*j - 21. What is the units digit of j?
7
Let q(t) be the third derivative of -t**6/120 + t**5/60 + 4*t**3/3 + 5*t**2. Suppose 20 = -4*c + 5*l, -4*l + 12 = -3*c - 4. What is the units digit of q(c)?
8
Suppose 593 = -3*c + 206. Let b = c - -181. What is the tens digit of b?
5
Suppose -3*c - 5*q + 2*q = 0, 2*c + 4*q + 4 = 0. Suppose 2 = c*u - 2. What is the units digit of u?
2
Let y = 461 + -322. What is the units digit of y?
9
Let g = -96 + 245. What is the tens digit of g?
4
Suppose -5*u - 417 - 503 = 0. What is the units digit of (u/12)/((-8)/12)?
3
Suppose -6 = -4*a + 5*v + 7, 0 = -5*a - 5*v - 40. Let b = 7 + a. What is the units digit of b?
4
Suppose 5*c + 9 = 4. What is the tens digit of (-2)/(-2*c/(-28))?
2
Let a(f) = 2*f - 2. Let m be a(2). Suppose -3*x + 5*d + 19 = 0, -4*d + 2 + m = 4*x. What is the units digit of x?
3
Suppose -3*k - 129 = -342. Suppose -k = -7*n + 3*n - 3*q, -3*q + 31 = 2*n. Suppose -4 = -2*u - 5*f, -u - u = f - n. What is the units digit of u?
2
Let h(m) = -6 - 24*m + 14*m + 7*m + 7*m. Suppose 0 = -2*p + 5*t + 33, -t + 4*t = -15. What is the tens digit of h(p)?
1
Let i = -10 - -12. Let h = i + 1. Suppose 18 = -h*u + 54. What is the units digit of u?
2
What is the tens digit of (-152)/(-2) + (2/2 - -2)?
7
Suppose 3*d - 4*d = -4. Suppose 0 = d*t - 3*c - 6, 2*c + c = 2*t. What is the units digit of t?
3
Let z = 44 + -37. What is the units digit of z?
7
Suppose 75 = 6*c - c + 5*j, 5*j = 2*c - 16. Let r = c - 22. What is the units digit of (-3)/(r/15) - -1?
6
Let j(i) = i**3 + 10*i**2 + 11*i + 6. Let t be j(-9). Let b = t - -5. What is the units digit of -2 + 2 - (3 + b)?
4
What is the tens digit of (-2)/(-16) + (-380)/(-32)?
1
Let a = 5 - 3. Suppose -a - 1 = -m. Suppose -m*u - 2*u = -5*j + 20, 0 = 2*j + u - 11. What is the units digit of j?
5
What is the tens digit of 0 + 11 + -4 + 3?
1
Let j(d) = -4*d - 3. Let g be j(6). Let l = -11 - g. Suppose -y = y - 6, -2*m - 2*y + l = 0. What is the units digit of m?
5
Let p = 98 + -58. What is the units digit of 624/p - 4/(-10)?
6
Suppose -10*i + 833 + 347 = 0. What is the hundreds digit of i?
1
Let i(x) = x. Let w be i(-1). Let b(g) = -51*g. Let u be b(w). What is the units digit of (-2)/8 + u/12?
4
Suppose p - 2*o = -17, o = 2*p - 4*p - 14. Let g be 2/6 + (-33)/p. Suppose -2*r = -g*r + 22. What is the tens digit of r?
1
Suppose -80 = r - 5*r. Let g = -13 + r. What is the units digit of g?
7
Let b be ((-5)/4)/((-3)/12). Suppose -2*g + 8 = 0, 0 = b*z - 0*z + 5*g - 55. What is the units digit of z?
7
Let c = 2 + 1. Suppose -60 + 12 = -c*k. What is the units digit of k?
6
Let d(i) be the third derivative of 1/120*i**6 + 0*i - 3*i**2 + 0*i**4 + 1/2*i**3 + 0 - 1/5*i**5. What is the units digit of d(12)?
3
Suppose 0 = 4*j - j + 6. Let y = -4 - j. What is the units digit of (2 - 12)/y + -1?
4
Let f = -2 - -1. Let p(s) = -2*s**3 + 2*s**2 + s. Let g be p(f). Suppose 2*m - g*m + 6 = 0. What is the units digit of m?
6
Let k(r) = 18*r**3 + r**2 - r + 1. What is the units digit of k(1)?
9
Suppose 5*b + 0 - 5 = -y, -28 = -2*y - b. What is the tens digit of y?
1
Let n(w) = -w**3 + 5*w**2 + 2. Let l(u) = -2*u**3 + 11*u**2 - u + 3. Let o(a) = -2*l(a) + 5*n(a). What is the tens digit of o(3)?
1
Suppose i = -38 - 98. What is the tens digit of 16/(-12) + i/(-3)?
4
Let t = 360 - 224. Suppose -n + 3*y + 34 = 0, -n + t = 3*n + 4*y. What is the tens digit of n?
3
Let x(b) = b**3 - 2*b**2 + 3*b - 1. What is the units digit of x(4)?
3
Let q be (-6)/(-4) + (-6)/4. Let i be q/(((-3)/(-1))/(-3)). Suppose -4*k + 0*k + 36 = i. What is the units digit of k?
9
Let d = 92 + -63. Let c = d - 18. What is the tens digit of c?
1
Let o = 8 - 5. Suppose 2*w - 4*w = -s - 4, 5*s - 19 = -o*w. What is the units digit of w?
3
Let y = 5 - 1. Suppose g = y*g - 66. What is the units digit of g?
2
Suppose 0 = -5*n + 4*o + 32, 2*n + 1 = -2*o + 3. Suppose -3*x + r = -x - 7, -12 = -2*x - n*r. Suppose x*c - 18 - 2 = 0. What is the units digit of c?
5
Let f = 90 + -34. What is the units digit of f?
6
Suppose -5*w = -3*w - 6. Suppose -46 = -4*s - 2*p, 5*p = -w*s + 16 + 1. Let v = s + -7. What is the units digit of v?
7
Let g = -20 - -14. What is the units digit of (1 + 0)*(2 - g)?
8
Let n(r) = 6*r - 3. Let q(j) = j**2 + j. Let w(t) = -n(t) + q(t). What is the units digit of w(6)?
9
Let d(n) = 2*n**2 - 7*n + 6. What is the tens digit of d(6)?
3
Suppose -3*v - 3*r + r - 9 = 0, -2*v = -5*r + 25. Let i(s) = -s**3 - 3*s**2 + 7*s + 4. What is the units digit of i(v)?
9
Suppose 0 = -3*m + 2*x - 2, 0*m + 5*x + 9 = 4*m. Let d(p) = -2*p + 5. What is the units digit of d(m)?
3
Let n(j) = 9*j - 5. What is the tens digit of n(2)?
1
Suppose -992 + 122 = -15*p. What is the units digit of p?
8
Let a be 56/(-2)*(-6)/12. Suppose 2*q - 9 = -u, 1 + a = 3*q + u. Suppose c - 4*h - q = 0, 3*c - 2*h = c + 6. What is the units digit of c?
2
Let b(i) = 42*i - 6. Let c(h) = 6*h - 1. Let m(f) = -4*b(f) + 27*c(f). What is the units digit of m(-5)?
7
Let a = 5 - 3. Suppose 2*v = -a*v. Suppose v*y + y = 9. What is the units digit of y?
9
Suppose -g = -4*g + 60. Suppose -2*c - 3*c = -g. Suppose -5*r = 2*a + 7, 3*r + 25 = c*a - 0*r. What is the units digit of a?
4
Let k(s) = s**2 + 8*s - 10. Let c be ((-24)/(-28))/(1/(-14)). What is the tens digit of k(c)?
3
Suppose 0 = -2*l + l. Let c be (-1 + -2)/(-1 - l). Suppose c*y - 14 = y. What is the units digit of y?
7
Suppose -2*o - o + 12 = 0. Let v(j) = -6*j**2 + 3*j - 2. Let k(c) = -c**2 - 1. Let f(z) = 5*k(z) - v(z). What is the units digit of f(o)?
1
Let n(v) = v**2 - 8*v + 7. Let d be n(7). Let p = 2 - d. Suppose q = -4*u + 3*u + 7, -4*q + p*u + 34 = 0. What is the units digit of q?
8
Let t = -60 + 151. What is the tens digit of t?
9
Suppose 0 = -3*y + 3, 5*y - 8 = -0*t + 3*t. Let p = t + 8. Suppose 2*c - p = -2*h + 3, h = 3*c + 1. What is the units digit of c?
1
What is the hundreds digit of -4 - (3 - -2 - 269)?
2
Suppose 5*o - 32 = -12. Suppose -3*m = -o*m. Suppose 0 = t - 2 - m. What is the units digit of t?
2
Let t(n) = 6*n**3 + n**2 - 1. Let j be t(1). Suppose -3*v = -0*v - j. What is the units digit of v?
2
Suppose 2*q = -5*j + 15, 7*j - 3*j + 4*q = 12. Suppose -y - 2 = -j*y. What is the units digit of y?
1
Let p be 0/(-2)*(3 + -2). Let n(j) = j**2 + 30. Let h be n(p). What is the units digit of (9/(-27))/((-2)/h)?
5
Suppose -3*g + 0*j = -4*j - 14, -3*g = -5*j - 16. Let y be 1/(-2)*g - -3. Suppose 2*r + 18 = 2*q, 2*q + 2*q - y*r = 44. What is the tens digit of q?
1
Let x(w) = -w**3 - 7*w**2 + 8*w + 2. Suppose -2*i = -5*s + 11, 0 = -2*i - 0*i - 3*s - 19. What is the units digit of x(i)?
2
Let w = 1 + 5. Let l(t) be the third derivative of t**4/24 - t**3/6 + t**2. What is the units digit of l(w)?
5
Suppose 3*d + 2*o = 0, 0*d = d + o. Let y be 26/8 + 2/(-8). Suppose -u + 0*u + y = d. What is the units digit of u?
3
Let c(t) = 55*t + 40. What is the units digit of c(5)?
5
Let m(s) = 2*s**2 - 3*s. Let u be m(2). Suppose -42 = -3*a + u*a. What is the tens digit of a?
4
Let f = 431 + -270. What is the units digit of f?
1
Let r be 4 + -1 + 2 + -1. Suppose -o = r*q + 167 + 45, o - 204 = 4*q. What is